{"id":26140,"date":"2021-12-29T16:45:21","date_gmt":"2021-12-29T15:45:21","guid":{"rendered":"https:\/\/www.feuerwehr-ibbenbueren.de\/?page_id=26140"},"modified":"2026-03-13T19:30:32","modified_gmt":"2026-03-13T18:30:32","slug":"stadtmitte_1-copy-4-copy","status":"publish","type":"page","link":"https:\/\/www.feuerwehr-ibbenbueren.de\/?page_id=26140","title":{"rendered":"Laggenbeck &#8211; Start im neuen Ger\u00e4tehaus 2021 bis heute"},"content":{"rendered":"<p>Das Jahr 2021 startete f\u00fcr den L\u00f6schzug Laggenbeck wie das Jahr 2020 endete. Bedingt durch die Corona-Pandemie waren alle Veranstaltungen bis Mitte April abgesagt.<br \/>\nIm April startet dann wieder der Dienstabendbetrieb in zwei Gruppen. Die Hygienevorschriften aus dem Vorjahr wurden erweitert um einen Test vor jeder Veranstaltung.<\/p>\n<p>Neben der neuen Hygienevorschrift wurde allen Kameradinnen und Kameraden im Laufe des Mai und Juni ein Impfangebot gemacht. Nachdem der L\u00f6schzug Laggenbeck vollst\u00e4ndig geimpft war, konnte wieder als gesamter L\u00f6schzug ge\u00fcbt werden. Im Gegensatz zum Vorjahr konnten die Dienstabende bis zum Jahresende im Dezember durchgef\u00fchrt werden.<\/p>\n<p>Wie im Vorjahr wurde das Einsatzgeschehen durch eine coronabedingte \u00c4nderung der Alarm- und Ausr\u00fcckeordnung beeinflusst. Der L\u00f6schzug wurde f\u00fcr kleinere Einsatzlagen nur noch alarmiert, wenn sich der Dienstbetrieb der hauptamtlichen Wache bereits im Einsatz befand. So lag die Zahl der Eins\u00e4tze mit 33 auf dem Niveau vom Vorjahr. Unter den Eins\u00e4tzen waren unter anderem eine Unwetterlage im gesamten Stadtgebiet im Juli und der Brand eines Mehrfamilienhauses im Ortskern von Laggenbeck.<\/p>\n<p>Trotz der Coronaeinschr\u00e4nkungen, gab es f\u00fcr den L\u00f6schzug auch in diesem Jahr eine gro\u00dfe Neuerung. Am 27. M\u00e4rz konnte das neue Ger\u00e4tehaus bezogen werden. Unter strengen Hygieneregeln wurden alle Ger\u00e4tschaften und Ausr\u00fcstungsgegenst\u00e4nde vom Ausweichstandort im Werk 2 der Firma Keller HCW zum Ger\u00e4tehaus an der Mettinger Stra\u00dfe transportiert. An dieser Stelle bedanken wir uns bei der Firma Keller HCW f\u00fcr die Bereitstellung der R\u00e4umlichkeiten f\u00fcr die ca. eineinhalb Jahre Umbauzeit. W\u00e4hrend dieser Umbauzeit wurden vom Ausweichstandort 44 Eins\u00e4tze abgearbeitet.<\/p>\n<p>Auch das Jahr 2022 startete wieder mit coronabedingten Einschr\u00e4nkungen f\u00fcr den L\u00f6schzug Laggenbeck. Bis Mai waren erneut alle Veranstaltungen abgesagt worden. Im Mai startete dann der Dienstbetrieb, wie im Vorjahr, unter strengen Hygienevorschriften.<\/p>\n<p>Aber nicht nur Corona sorgte f\u00fcr Einschr\u00e4nkungen im Dienstbetrieb. Im Juni starteten Bauarbeiten im Au\u00dfenbereich des Ger\u00e4tehauses. Zun\u00e4chst wurde ein neuer Parkplatz f\u00fcr die Fahrzeuge der Kameradinnen und Kameraden erstellt und der Terrassenbereich fertiggestellt. Im zweiten Schritt wurde die Alarmausfahrt neugestaltet. Dies hatte f\u00fcr einige Wochen zur Folge, dass die Einsatzfahrzeuge nicht wie gewohnt in der Fahrzeughalle untergebracht wurden, sondern auf dem Parkplatz f\u00fcr die Kameradinnen und Kameraden.<\/p>\n<p>Trotz der verschiedenen Einschr\u00e4nkungen wurden 47 Eins\u00e4tze durch den L\u00f6schzug Laggenbeck abgearbeitet. Hierbei zeigte sich wie in den Vorjahren, dass der Bereich der technischen Hilfeleistung f\u00fcr immer mehr Eins\u00e4tze sorgt. Mehrfach musste das Ger\u00e4tehaus f\u00fcr Unwetterlagen besetzt werden. Hierbei sind im Besonderen die St\u00fcrme am 17. und 18. Februar zu nennen, die f\u00fcr eine Vielzahl von Einsatzstellen sorgten.<\/p>\n<p>Das Jahr 2023 war f\u00fcr den L\u00f6schzug Laggenbeck ein Arbeitsreiches-Jahr. Das Highlight des Jahres war die offizielle Einweihungsfeier des neuen Ger\u00e4tehauses. Nach langer Wartezeit und vielen Vorbereitungen wurde das Ger\u00e4tehaus am 15. September offiziell eingeweiht. Die Einweihung wurde mit ca. 150 geladenen G\u00e4sten ausgiebig gefeiert. Auf die Einweihung des Ger\u00e4tehauses folgte am Sonntag der erste Tag der offenen T\u00fcr im neuen Ger\u00e4tehaus. Die Besucher hatten die M\u00f6glichkeit sich alle neuen R\u00e4umlichkeiten und die technische Ausstattung des L\u00f6schzuges Laggenbeck zu besichtigen.<\/p>\n<p>Im Einsatzgeschehen kam der L\u00f6schzug Laggenbeck 2023 auf 64 Alarmierungen. Wie in den Vorjahren war der Bereich der technischen Hilfe Leistung mit 46 Alarmierungen wieder der Einsatzschwerpunkt. Des Weiteren wurden 9 Brandeins\u00e4tze und 9 ausgel\u00f6ste Brandmeldeanlagen abgearbeitet. Die gr\u00f6\u00dften Einsatzstellen bildeten hierbei ein Brand einer Industriehalle an der Laggenbecker Stra\u00dfe, ein Garagenbrand am Burgweg und ein Fl\u00e4chenbrand an der Alpenstra\u00dfe.<\/p>\n<p>Das Jahr 2024 war mit 71 Alarmierungen erneut sehr Einsatzreich Jahr f\u00fcr den L\u00f6schzug Laggenbeck. Erneut lag der Schwerpunkt des Einsatzgeschehens im Bereich der technischen Hilfe mit 44 Alarmierungen. Die restlichen Alarmierungen verteilten sich auf 15 Brandeins\u00e4tze, 9 ABC-Eins\u00e4tze und 3 ausgel\u00f6ste Brandmeldeanlagen. Besondere Eins\u00e4tze stellten hierbei ein Carport-Brand am Eisenhansweg und ein Gro\u00dfbrand auf dem Dickenberg dar. Eine weitere Besonderheit im Jahr 2024 war die Teilnahme der ABC-Erkunder-Gruppe als Teil des Sicherheitskonzeptes der Fu\u00dfball-Europameisterschaft. An vier Spieltagen wurde der ABC-Erkunder als Teil der ABC-Bereitschaft des Regierungsbezirkes M\u00fcnster nach Gelsenkirchen gerufen. W\u00e4hrend der vier EM-Spiele wurde die ABC-Bereitschaft neben weiteren Einheiten in verschiedenen Bereitstellungsr\u00e4ume in Bereitschaft gehalten. Zum Gl\u00fcck wurden die Einheiten nicht in realen Lagen ben\u00f6tigt und konnten nach dem Ende Spiele wieder abr\u00fccken.<\/p>\n<p>Mit 63 Alarmierungen lag das Jahr 2025 f\u00fcr den L\u00f6schzug Laggenbeck auf dem Niveau von 2024. Wie in den vor Jahren zeigte sich wieder, dass die technische Hilfe Leistung einen immer gr\u00f6\u00dfer werdenden Anteil der Alarmierungen einnimmt. 40 Alarmierungen entfielen in den Bereich der technischen Hilfe, 16 in den Bereich der Brandeins\u00e4tze, f\u00fcr jeweils 3 Alarmierungen sorgten Brandmeldeanlagen und ABC-Eins\u00e4tze. Des Weiteren wurde der L\u00f6schzug Laggenbeck einmal f\u00fcr die Bereitstellung des Grundschutzes im Einsatzgebiet Stadtmitte alarmiert. Diese Alarmierung war notwendig, da sowohl die der Dienstbetrieb, als auch die L\u00f6schz\u00fcge Stadtmitte 1&amp;2 in einem Brandeinsatz gebunden waren. In diesem Fall stellt einer der verbleibenden L\u00f6schz\u00fcge der Feuerwehr Ibbenb\u00fcren den Grundschutz im Stadtgebiet mit einem L\u00f6schgruppenfahrzeug und einer Gruppe sicher.<\/p>\n<p>Neben dem Einsatzgeschehen gab es im Jahr 2025 eine Ver\u00e4nderung in der F\u00fchrung des L\u00f6schzuges. Adrian M\u00fchlenkamp hatte sein Amt als stellvertretender L\u00f6schzugf\u00fchrer nach vielen Jahren zur Verf\u00fcgung gestellt. Als sein Nachfolger wurde Sebastian Gaida eingesetzt. Zusammen mit Axel Wesselmann f\u00fchrt er ab dem 1. Oktober den L\u00f6schzug Laggenbeck. Die Verabschiedung von Adrian und die \u00dcbernahme durch Sebastian wurde im September in einer feierlichen Versammlung im Ger\u00e4tehaus gefeiert. An dieser Stelle bedanken wir uns bei Adrian M\u00fchlenkamp f\u00fcr seine 15-j\u00e4hrige T\u00e4tigkeit als stellvertretender L\u00f6schzugf\u00fchrer.<\/p>\n<p><a href=\"https:\/\/www.feuerwehr-ibbenbueren.de\/?page_id=4451\"><input class=\"wpcf7-form-control wpcf7-submit\" type=\"submit\" value=\"Zur\u00fcck zur \u00dcbersicht\" \/><\/a><\/p>\n","protected":false},"excerpt":{"rendered":"<p>Der L\u00f6schzug Stadtmitte 1 der Feuerwehr Ibbenb\u00fcren.<\/p>\n","protected":false},"author":11,"featured_media":0,"parent":4451,"menu_order":4,"comment_status":"open","ping_status":"closed","template":"","meta":{"footnotes":""},"class_list":["post-26140","page","type-page","status-publish","hentry"],"_links":{"self":[{"href":"https:\/\/www.feuerwehr-ibbenbueren.de\/index.php?rest_route=\/wp\/v2\/pages\/26140","targetHints":{"allow":["GET"]}}],"collection":[{"href":"https:\/\/www.feuerwehr-ibbenbueren.de\/index.php?rest_route=\/wp\/v2\/pages"}],"about":[{"href":"https:\/\/www.feuerwehr-ibbenbueren.de\/index.php?rest_route=\/wp\/v2\/types\/page"}],"author":[{"embeddable":true,"href":"https:\/\/www.feuerwehr-ibbenbueren.de\/index.php?rest_route=\/wp\/v2\/users\/11"}],"replies":[{"embeddable":true,"href":"https:\/\/www.feuerwehr-ibbenbueren.de\/index.php?rest_route=%2Fwp%2Fv2%2Fcomments&post=26140"}],"version-history":[{"count":9,"href":"https:\/\/www.feuerwehr-ibbenbueren.de\/index.php?rest_route=\/wp\/v2\/pages\/26140\/revisions"}],"predecessor-version":[{"id":41888,"href":"https:\/\/www.feuerwehr-ibbenbueren.de\/index.php?rest_route=\/wp\/v2\/pages\/26140\/revisions\/41888"}],"up":[{"embeddable":true,"href":"https:\/\/www.feuerwehr-ibbenbueren.de\/index.php?rest_route=\/wp\/v2\/pages\/4451"}],"wp:attachment":[{"href":"https:\/\/www.feuerwehr-ibbenbueren.de\/index.php?rest_route=%2Fwp%2Fv2%2Fmedia&parent=26140"}],"curies":[{"name":"wp","href":"https:\/\/api.w.org\/{rel}","templated":true}]}}

Laggenbeck &#8211; Start im neuen Gerätehaus 2021 bis heute

<p>Das Jahr 2021 startete für den Löschzug Laggenbeck wie das Jahr 2020 endete. Bedingt durch die Corona-Pandemie waren alle Veranstaltungen bis Mitte April abgesagt.<br />
Im April startet dann wieder der Dienstabendbetrieb in zwei Gruppen. Die Hygienevorschriften aus dem Vorjahr wurden erweitert um einen Test vor jeder Veranstaltung.</p>
<p>Neben der neuen Hygienevorschrift wurde allen Kameradinnen und Kameraden im Laufe des Mai und Juni ein Impfangebot gemacht. Nachdem der Löschzug Laggenbeck vollständig geimpft war, konnte wieder als gesamter Löschzug geübt werden. Im Gegensatz zum Vorjahr konnten die Dienstabende bis zum Jahresende im Dezember durchgeführt werden.</p>
<p>Wie im Vorjahr wurde das Einsatzgeschehen durch eine coronabedingte Änderung der Alarm- und Ausrückeordnung beeinflusst. Der Löschzug wurde für kleinere Einsatzlagen nur noch alarmiert, wenn sich der Dienstbetrieb der hauptamtlichen Wache bereits im Einsatz befand. So lag die Zahl der Einsätze mit 33 auf dem Niveau vom Vorjahr. Unter den Einsätzen waren unter anderem eine Unwetterlage im gesamten Stadtgebiet im Juli und der Brand eines Mehrfamilienhauses im Ortskern von Laggenbeck.</p>
<p>Trotz der Coronaeinschränkungen, gab es für den Löschzug auch in diesem Jahr eine große Neuerung. Am 27. März konnte das neue Gerätehaus bezogen werden. Unter strengen Hygieneregeln wurden alle Gerätschaften und Ausrüstungsgegenstände vom Ausweichstandort im Werk 2 der Firma Keller HCW zum Gerätehaus an der Mettinger Straße transportiert. An dieser Stelle bedanken wir uns bei der Firma Keller HCW für die Bereitstellung der Räumlichkeiten für die ca. eineinhalb Jahre Umbauzeit. Während dieser Umbauzeit wurden vom Ausweichstandort 44 Einsätze abgearbeitet.</p>
<p>Auch das Jahr 2022 startete wieder mit coronabedingten Einschränkungen für den Löschzug Laggenbeck. Bis Mai waren erneut alle Veranstaltungen abgesagt worden. Im Mai startete dann der Dienstbetrieb, wie im Vorjahr, unter strengen Hygienevorschriften.</p>
<p>Aber nicht nur Corona sorgte für Einschränkungen im Dienstbetrieb. Im Juni starteten Bauarbeiten im Außenbereich des Gerätehauses. Zunächst wurde ein neuer Parkplatz für die Fahrzeuge der Kameradinnen und Kameraden erstellt und der Terrassenbereich fertiggestellt. Im zweiten Schritt wurde die Alarmausfahrt neugestaltet. Dies hatte für einige Wochen zur Folge, dass die Einsatzfahrzeuge nicht wie gewohnt in der Fahrzeughalle untergebracht wurden, sondern auf dem Parkplatz für die Kameradinnen und Kameraden.</p>
<p>Trotz der verschiedenen Einschränkungen wurden 47 Einsätze durch den Löschzug Laggenbeck abgearbeitet. Hierbei zeigte sich wie in den Vorjahren, dass der Bereich der technischen Hilfeleistung für immer mehr Einsätze sorgt. Mehrfach musste das Gerätehaus für Unwetterlagen besetzt werden. Hierbei sind im Besonderen die Stürme am 17. und 18. Februar zu nennen, die für eine Vielzahl von Einsatzstellen sorgten.</p>
<p>Das Jahr 2023 war für den Löschzug Laggenbeck ein Arbeitsreiches-Jahr. Das Highlight des Jahres war die offizielle Einweihungsfeier des neuen Gerätehauses. Nach langer Wartezeit und vielen Vorbereitungen wurde das Gerätehaus am 15. September offiziell eingeweiht. Die Einweihung wurde mit ca. 150 geladenen Gästen ausgiebig gefeiert. Auf die Einweihung des Gerätehauses folgte am Sonntag der erste Tag der offenen Tür im neuen Gerätehaus. Die Besucher hatten die Möglichkeit sich alle neuen Räumlichkeiten und die technische Ausstattung des Löschzuges Laggenbeck zu besichtigen.</p>
<p>Im Einsatzgeschehen kam der Löschzug Laggenbeck 2023 auf 64 Alarmierungen. Wie in den Vorjahren war der Bereich der technischen Hilfe Leistung mit 46 Alarmierungen wieder der Einsatzschwerpunkt. Des Weiteren wurden 9 Brandeinsätze und 9 ausgelöste Brandmeldeanlagen abgearbeitet. Die größten Einsatzstellen bildeten hierbei ein Brand einer Industriehalle an der Laggenbecker Straße, ein Garagenbrand am Burgweg und ein Flächenbrand an der Alpenstraße.</p>
<p>Das Jahr 2024 war mit 71 Alarmierungen erneut sehr Einsatzreich Jahr für den Löschzug Laggenbeck. Erneut lag der Schwerpunkt des Einsatzgeschehens im Bereich der technischen Hilfe mit 44 Alarmierungen. Die restlichen Alarmierungen verteilten sich auf 15 Brandeinsätze, 9 ABC-Einsätze und 3 ausgelöste Brandmeldeanlagen. Besondere Einsätze stellten hierbei ein Carport-Brand am Eisenhansweg und ein Großbrand auf dem Dickenberg dar. Eine weitere Besonderheit im Jahr 2024 war die Teilnahme der ABC-Erkunder-Gruppe als Teil des Sicherheitskonzeptes der Fußball-Europameisterschaft. An vier Spieltagen wurde der ABC-Erkunder als Teil der ABC-Bereitschaft des Regierungsbezirkes Münster nach Gelsenkirchen gerufen. Während der vier EM-Spiele wurde die ABC-Bereitschaft neben weiteren Einheiten in verschiedenen Bereitstellungsräume in Bereitschaft gehalten. Zum Glück wurden die Einheiten nicht in realen Lagen benötigt und konnten nach dem Ende Spiele wieder abrücken.</p>
<p>Mit 63 Alarmierungen lag das Jahr 2025 für den Löschzug Laggenbeck auf dem Niveau von 2024. Wie in den vor Jahren zeigte sich wieder, dass die technische Hilfe Leistung einen immer größer werdenden Anteil der Alarmierungen einnimmt. 40 Alarmierungen entfielen in den Bereich der technischen Hilfe, 16 in den Bereich der Brandeinsätze, für jeweils 3 Alarmierungen sorgten Brandmeldeanlagen und ABC-Einsätze. Des Weiteren wurde der Löschzug Laggenbeck einmal für die Bereitstellung des Grundschutzes im Einsatzgebiet Stadtmitte alarmiert. Diese Alarmierung war notwendig, da sowohl die der Dienstbetrieb, als auch die Löschzüge Stadtmitte 1&amp;2 in einem Brandeinsatz gebunden waren. In diesem Fall stellt einer der verbleibenden Löschzüge der Feuerwehr Ibbenbüren den Grundschutz im Stadtgebiet mit einem Löschgruppenfahrzeug und einer Gruppe sicher.</p>
<p>Neben dem Einsatzgeschehen gab es im Jahr 2025 eine Veränderung in der Führung des Löschzuges. Adrian Mühlenkamp hatte sein Amt als stellvertretender Löschzugführer nach vielen Jahren zur Verfügung gestellt. Als sein Nachfolger wurde Sebastian Gaida eingesetzt. Zusammen mit Axel Wesselmann führt er ab dem 1. Oktober den Löschzug Laggenbeck. Die Verabschiedung von Adrian und die Übernahme durch Sebastian wurde im September in einer feierlichen Versammlung im Gerätehaus gefeiert. An dieser Stelle bedanken wir uns bei Adrian Mühlenkamp für seine 15-jährige Tätigkeit als stellvertretender Löschzugführer.</p>
<p><a href="https://www.feuerwehr-ibbenbueren.de/?page_id=4451"><input class="wpcf7-form-control wpcf7-submit" type="submit" value="Zurück zur Übersicht" /></a></p>

<p>Der Löschzug Stadtmitte 1 der Feuerwehr Ibbenbüren.</p>
