{"id":558,"date":"2015-03-24T15:07:12","date_gmt":"2015-03-24T15:07:12","guid":{"rendered":"http:\/\/www.feuerwehr-ibbenbueren.de\/?page_id=558"},"modified":"2022-02-05T09:54:32","modified_gmt":"2022-02-05T08:54:32","slug":"intern-bsw","status":"publish","type":"page","link":"https:\/\/www.feuerwehr-ibbenbueren.de\/?page_id=558","title":{"rendered":"intern: BSW &#8211; Login"},"content":{"rendered":"<p>Hier ist der interne Zugang zur \u00dcbersicht der Brandsicherheitswachen f\u00fcr Angeh\u00f6rige der vier L\u00f6schz\u00fcge der Feuerwehr Ibbenb\u00fcren.<\/p>\n<p><a href=\"http:\/\/bsw.feuerwehr-ibbenbueren.de\/\" target=\"_blank\" rel=\"noopener\"><input class=\"wpcf7-form-control wpcf7-submit\" type=\"submit\" value=\"Anmelden\" \/><\/a><\/p>\n","protected":false},"excerpt":{"rendered":"<p>Zugang zur \u00dcbersicht der Brandsicherheitswachen<\/p>\n","protected":false},"author":2,"featured_media":0,"parent":99,"menu_order":3,"comment_status":"open","ping_status":"closed","template":"","meta":{"footnotes":""},"class_list":["post-558","page","type-page","status-publish","hentry"],"_links":{"self":[{"href":"https:\/\/www.feuerwehr-ibbenbueren.de\/index.php?rest_route=\/wp\/v2\/pages\/558","targetHints":{"allow":["GET"]}}],"collection":[{"href":"https:\/\/www.feuerwehr-ibbenbueren.de\/index.php?rest_route=\/wp\/v2\/pages"}],"about":[{"href":"https:\/\/www.feuerwehr-ibbenbueren.de\/index.php?rest_route=\/wp\/v2\/types\/page"}],"author":[{"embeddable":true,"href":"https:\/\/www.feuerwehr-ibbenbueren.de\/index.php?rest_route=\/wp\/v2\/users\/2"}],"replies":[{"embeddable":true,"href":"https:\/\/www.feuerwehr-ibbenbueren.de\/index.php?rest_route=%2Fwp%2Fv2%2Fcomments&post=558"}],"version-history":[{"count":46,"href":"https:\/\/www.feuerwehr-ibbenbueren.de\/index.php?rest_route=\/wp\/v2\/pages\/558\/revisions"}],"predecessor-version":[{"id":26513,"href":"https:\/\/www.feuerwehr-ibbenbueren.de\/index.php?rest_route=\/wp\/v2\/pages\/558\/revisions\/26513"}],"up":[{"embeddable":true,"href":"https:\/\/www.feuerwehr-ibbenbueren.de\/index.php?rest_route=\/wp\/v2\/pages\/99"}],"wp:attachment":[{"href":"https:\/\/www.feuerwehr-ibbenbueren.de\/index.php?rest_route=%2Fwp%2Fv2%2Fmedia&parent=558"}],"curies":[{"name":"wp","href":"https:\/\/api.w.org\/{rel}","templated":true}]}}