{"id":6376,"date":"2016-06-04T18:13:37","date_gmt":"2016-06-04T16:13:37","guid":{"rendered":"http:\/\/www.feuerwehr-ibbenbueren.de\/?page_id=6376"},"modified":"2016-06-05T08:46:52","modified_gmt":"2016-06-05T06:46:52","slug":"stadtmitte_1-copy","status":"publish","type":"page","link":"https:\/\/www.feuerwehr-ibbenbueren.de\/?page_id=6376","title":{"rendered":"Ger\u00e4tehaus"},"content":{"rendered":"\n\t\t<div id='gallery-1' class='gallery galleryid-6376 gallery-columns-1 gallery-size-medium gallery1'><script type=\"text\/javascript\">\r\n\/\/ <![CDATA[\r\n\tjQuery(document).ready(function () {\r\n\t\tjQuery(\".gallery1 a\").attr(\"rel\",\"gallery1\");\t\r\n\t\tjQuery('a[rel=\"gallery1\"]').colorbox({maxWidth:\"95%\", maxHeight:\"95%\",title: function(){ return jQuery(this).children().attr(\"alt\"); }, });\r\n\t});\r\n\/\/ ]]>\r\n<\/script>\n<dl class=\"gallery-item\">\n<dt class=\"gallery-icon\">\r\n<a href=\"https:\/\/www.feuerwehr-ibbenbueren.de\/wp-content\/uploads\/2016\/01\/LA_HI_9_Geratehaus_1971.jpg\" title=\"\" rel=\"gallery1\"><img loading=\"lazy\" decoding=\"async\" src=\"https:\/\/www.feuerwehr-ibbenbueren.de\/wp-content\/uploads\/2016\/01\/LA_HI_9_Geratehaus_1971-300x206.jpg\" width=\"300\" height=\"206\" alt=\"\" \/><\/a>\r\n<\/dt><\/dl><br style=\"clear: both\" \/>\r\n\t\t<\/div>\n\n<p>Seit der Schl\u00fcssel\u00fcbergabe am 31. August 1971 ist der L\u00f6schzug Laggenbeck im Ger\u00e4tehaus an der Kreuzung Mettinger Stra\u00dfe, Alstedder Stra\u00dfe Zuhause.<\/p>\n<p>In den neunziger Jahren kamen die ersten Alterserscheinungen am Ger\u00e4tehaus auf, diese entstanden durch normale Abnutzung. So wurde der Betonboden der Fahrzeughalle im Laufe der Zeit mit Bodenplatten versehen und auch einige W\u00e4nde bekamen einen neuen Anstrich. Diese Arbeiten wurden meist in Eigenleistung durch die Kameraden des L\u00f6schzugs erbracht.<\/p>\n\n\t\t<div id='gallery-2' class='gallery galleryid-6376 gallery-columns-1 gallery-size-medium gallery1'><script type=\"text\/javascript\">\r\n\/\/ <![CDATA[\r\n\tjQuery(document).ready(function () {\r\n\t\tjQuery(\".gallery1 a\").attr(\"rel\",\"gallery1\");\t\r\n\t\tjQuery('a[rel=\"gallery1\"]').colorbox({maxWidth:\"95%\", maxHeight:\"95%\",title: function(){ return jQuery(this).children().attr(\"alt\"); }, });\r\n\t});\r\n\/\/ ]]>\r\n<\/script>\n<dl class=\"gallery-item\">\n<dt class=\"gallery-icon\">\r\n<a href=\"https:\/\/www.feuerwehr-ibbenbueren.de\/wp-content\/uploads\/2016\/01\/streichen.jpg\" title=\"\" rel=\"gallery1\"><img loading=\"lazy\" decoding=\"async\" src=\"https:\/\/www.feuerwehr-ibbenbueren.de\/wp-content\/uploads\/2016\/01\/streichen-300x227.jpg\" width=\"300\" height=\"227\" alt=\"\" \/><\/a>\r\n<\/dt><\/dl><br style=\"clear: both\" \/>\r\n\t\t<\/div>\n\n<p>Durch die ansteigende Zahl von Kameraden und Ger\u00e4tschaften wurden weitere Ver\u00e4nderungen notwendig. Unteranderem wurde der Parkplatz vergr\u00f6\u00dfert und eine Terrasse angelegt um nach getaner Arbeit die Kameradschaft zu pflegen.<\/p>\n\n\t\t<div id='gallery-3' class='gallery galleryid-6376 gallery-columns-2 gallery-size-medium gallery1'><script type=\"text\/javascript\">\r\n\/\/ <![CDATA[\r\n\tjQuery(document).ready(function () {\r\n\t\tjQuery(\".gallery1 a\").attr(\"rel\",\"gallery1\");\t\r\n\t\tjQuery('a[rel=\"gallery1\"]').colorbox({maxWidth:\"95%\", maxHeight:\"95%\",title: function(){ return jQuery(this).children().attr(\"alt\"); }, });\r\n\t});\r\n\/\/ ]]>\r\n<\/script>\n<dl class=\"gallery-item\">\n<dt class=\"gallery-icon\">\r\n<a href=\"https:\/\/www.feuerwehr-ibbenbueren.de\/wp-content\/uploads\/2016\/05\/GTH_Parkplatz.jpg\" title=\"\" rel=\"gallery1\"><img loading=\"lazy\" decoding=\"async\" src=\"https:\/\/www.feuerwehr-ibbenbueren.de\/wp-content\/uploads\/2016\/05\/GTH_Parkplatz-300x213.jpg\" width=\"300\" height=\"213\" alt=\"\" \/><\/a>\r\n<\/dt><\/dl><dl class=\"gallery-item\">\n<dt class=\"gallery-icon\">\r\n<a href=\"https:\/\/www.feuerwehr-ibbenbueren.de\/wp-content\/uploads\/2016\/05\/GTH_Container.jpg\" title=\"\" rel=\"gallery1\"><img loading=\"lazy\" decoding=\"async\" src=\"https:\/\/www.feuerwehr-ibbenbueren.de\/wp-content\/uploads\/2016\/05\/GTH_Container-300x196.jpg\" width=\"300\" height=\"196\" alt=\"\" \/><\/a>\r\n<\/dt><\/dl><br style=\"clear: both\" \/>\r\n\t\t<\/div>\n\n<p>Im Jahr 2003 wurde die Wohnung des damaligen Ger\u00e4tewartes frei und der L\u00f6schzug Laggenbeck stellte den Antrag die Wohnung umzubauen. Durch den Umbau sollte ein Schulungsraum und eine neue Umkleide geschaffen werden. Die Einrichtung einer neuen Umkleide wurde nicht nur durch die steigende Zahl von Kameraden notwendig, sondern auch dadurch, dass sich die Kleiderhaken mit der Einsatzkleidung in der Fahrzeughalle befanden. So mussten sich die Kameraden neben den stark ru\u00dfenden Dieselfahrzeugen umziehen.<\/p>\n\n\t\t<div id='gallery-4' class='gallery galleryid-6376 gallery-columns-1 gallery-size-medium gallery1'><script type=\"text\/javascript\">\r\n\/\/ <![CDATA[\r\n\tjQuery(document).ready(function () {\r\n\t\tjQuery(\".gallery1 a\").attr(\"rel\",\"gallery1\");\t\r\n\t\tjQuery('a[rel=\"gallery1\"]').colorbox({maxWidth:\"95%\", maxHeight:\"95%\",title: function(){ return jQuery(this).children().attr(\"alt\"); }, });\r\n\t});\r\n\/\/ ]]>\r\n<\/script>\n<dl class=\"gallery-item\">\n<dt class=\"gallery-icon\">\r\n<a href=\"https:\/\/www.feuerwehr-ibbenbueren.de\/wp-content\/uploads\/2016\/05\/GTH_Fzghalle.jpg\" title=\"\" rel=\"gallery1\"><img loading=\"lazy\" decoding=\"async\" src=\"https:\/\/www.feuerwehr-ibbenbueren.de\/wp-content\/uploads\/2016\/05\/GTH_Fzghalle-300x175.jpg\" width=\"300\" height=\"175\" alt=\"\" \/><\/a>\r\n<\/dt><\/dl><br style=\"clear: both\" \/>\r\n\t\t<\/div>\n\n<p>Nach dem die Stadt Ibbenb\u00fcren dem Antrag des L\u00f6schzuges Laggenbeck zustimmte, wurde in Absprache mit einem Architekturb\u00fcro die f\u00fcr den Umbau zu entfernenden W\u00e4nde bestimmt. Danach wurde mit schweren Ger\u00e4t und mit viel k\u00f6rperlicher Kraft der Umbau in Angriff genommen. Bei den Umbauma\u00dfnahmen kamen insgesamt 4 Container Bauschutt zusammen.<\/p>\n<p>Um ohne Umwege in die neue Umkleide zu kommen wurde in Eigenleistung eine Au\u00dfent\u00fcr eingesetzt die sich im Alarmfall selbst\u00e4ndig \u00f6ffnet.<\/p>\n\n\t\t<div id='gallery-5' class='gallery galleryid-6376 gallery-columns-4 gallery-size-full gallery1'><script type=\"text\/javascript\">\r\n\/\/ <![CDATA[\r\n\tjQuery(document).ready(function () {\r\n\t\tjQuery(\".gallery1 a\").attr(\"rel\",\"gallery1\");\t\r\n\t\tjQuery('a[rel=\"gallery1\"]').colorbox({maxWidth:\"95%\", maxHeight:\"95%\",title: function(){ return jQuery(this).children().attr(\"alt\"); }, });\r\n\t});\r\n\/\/ ]]>\r\n<\/script>\n<dl class=\"gallery-item\">\n<dt class=\"gallery-icon\">\r\n<a href=\"https:\/\/www.feuerwehr-ibbenbueren.de\/wp-content\/uploads\/2016\/05\/GTH_Wande_wegbrechen.jpg\" title=\"\" rel=\"gallery1\"><img loading=\"lazy\" decoding=\"async\" src=\"https:\/\/www.feuerwehr-ibbenbueren.de\/wp-content\/uploads\/2016\/05\/GTH_Wande_wegbrechen.jpg\" width=\"390\" height=\"292\" alt=\"\" \/><\/a>\r\n<\/dt><\/dl><dl class=\"gallery-item\">\n<dt class=\"gallery-icon\">\r\n<a href=\"https:\/\/www.feuerwehr-ibbenbueren.de\/wp-content\/uploads\/2016\/05\/GTH_Flexen.jpg\" title=\"\" rel=\"gallery1\"><img loading=\"lazy\" decoding=\"async\" src=\"https:\/\/www.feuerwehr-ibbenbueren.de\/wp-content\/uploads\/2016\/05\/GTH_Flexen.jpg\" width=\"321\" height=\"297\" alt=\"\" \/><\/a>\r\n<\/dt><\/dl><dl class=\"gallery-item\">\n<dt class=\"gallery-icon\">\r\n<a href=\"https:\/\/www.feuerwehr-ibbenbueren.de\/wp-content\/uploads\/2016\/05\/GTH_Container-Umbau.jpg\" title=\"\" rel=\"gallery1\"><img loading=\"lazy\" decoding=\"async\" src=\"https:\/\/www.feuerwehr-ibbenbueren.de\/wp-content\/uploads\/2016\/05\/GTH_Container-Umbau.jpg\" width=\"390\" height=\"292\" alt=\"\" \/><\/a>\r\n<\/dt><\/dl>\r\n\t\t\t<br style='clear: both' \/>\r\n\t\t<\/div>\n\n<p>&nbsp;<\/p>\n","protected":false},"excerpt":{"rendered":"<p>Der L\u00f6schzug Stadtmitte 1 der Feuerwehr Ibbenb\u00fcren.<\/p>\n","protected":false},"author":12,"featured_media":0,"parent":955,"menu_order":1,"comment_status":"open","ping_status":"closed","template":"","meta":{"footnotes":""},"class_list":["post-6376","page","type-page","status-publish","hentry"],"_links":{"self":[{"href":"https:\/\/www.feuerwehr-ibbenbueren.de\/index.php?rest_route=\/wp\/v2\/pages\/6376","targetHints":{"allow":["GET"]}}],"collection":[{"href":"https:\/\/www.feuerwehr-ibbenbueren.de\/index.php?rest_route=\/wp\/v2\/pages"}],"about":[{"href":"https:\/\/www.feuerwehr-ibbenbueren.de\/index.php?rest_route=\/wp\/v2\/types\/page"}],"author":[{"embeddable":true,"href":"https:\/\/www.feuerwehr-ibbenbueren.de\/index.php?rest_route=\/wp\/v2\/users\/12"}],"replies":[{"embeddable":true,"href":"https:\/\/www.feuerwehr-ibbenbueren.de\/index.php?rest_route=%2Fwp%2Fv2%2Fcomments&post=6376"}],"version-history":[{"count":3,"href":"https:\/\/www.feuerwehr-ibbenbueren.de\/index.php?rest_route=\/wp\/v2\/pages\/6376\/revisions"}],"predecessor-version":[{"id":6379,"href":"https:\/\/www.feuerwehr-ibbenbueren.de\/index.php?rest_route=\/wp\/v2\/pages\/6376\/revisions\/6379"}],"up":[{"embeddable":true,"href":"https:\/\/www.feuerwehr-ibbenbueren.de\/index.php?rest_route=\/wp\/v2\/pages\/955"}],"wp:attachment":[{"href":"https:\/\/www.feuerwehr-ibbenbueren.de\/index.php?rest_route=%2Fwp%2Fv2%2Fmedia&parent=6376"}],"curies":[{"name":"wp","href":"https:\/\/api.w.org\/{rel}","templated":true}]}}