{"id":93,"date":"2015-02-14T19:17:53","date_gmt":"2015-02-14T19:17:53","guid":{"rendered":"http:\/\/www.feuerwehr-ibbenbueren.de\/?page_id=93"},"modified":"2025-01-04T19:03:51","modified_gmt":"2025-01-04T18:03:51","slug":"ausbildung","status":"publish","type":"page","link":"https:\/\/www.feuerwehr-ibbenbueren.de\/?page_id=93","title":{"rendered":"Ausbildung"},"content":{"rendered":"<h3>Ausbildung<\/h3>\n<p>Die Feuerwehr Ibbenb\u00fcren ist einer der beiden Ausbildungsstandorte im Kreis Steinfurt f\u00fcr die Kreisausbildung der Freiwilligen Feuerwehren. An den Wochenenden finden hier regelm\u00e4\u00dfig Lehrg\u00e4nge und Seminare statt.<\/p>\n<h3><strong><br \/>\n<\/strong>Lehrg\u00e4nge auf Stadt- \/ Kreisebene<strong><br \/>\n<\/strong><span style=\"color: #999999;\">Voraussetzungen<\/span><\/h3>\n<p>&nbsp;<\/p>\n<p><strong>Truppmann 1 (Modul 1 und 2)<br \/>\n<\/strong>G26 Untersuchung<\/p>\n<p><strong>Truppmann 2 (Modul 3 und 4)<br \/>\n<\/strong>Truppmann 1 (Modul 1 und 2)<\/p>\n<p><strong>Funk<br \/>\n<\/strong>Truppmann 1 (Modul 1und 2), Truppmann 2 (Modul 3 und 4)<\/p>\n<p><strong>Atemschutz<br \/>\n<\/strong>G26 Untersuchung, Truppmann 1 (Modul 1 und 2), Truppmann 2 ( Modul 3 und 4), Funk<\/p>\n<p><strong>Truppf\u00fchrer (Modul 5 und 6\/7)<br \/>\n<\/strong>Truppmann 1 (Modul 1 und 2), Truppmann 2 (Modul 3 und 4), Funk, Atemschutz, 3 Jahre nach Grundausbildung<\/p>\n<p><strong>Maschinist<br \/>\n<\/strong>Truppmann 1 (Modul 1 und 2), Truppmann 2 (Modul 3 und 4), Funk, F\u00fchrerschein Klasse C (ehemals Klasse 2), 3 Jahre nach Grundausbildung, Einsatzfahren ab 24 Jahren<\/p>\n<p><strong>ABC-Modul BC<br \/>\n<\/strong>Truppmann 1 (Modul 1 und 2), Truppmann 2 (Modul 3 und 4), Funk, Atemschutz<\/p>\n<p><strong>ABC-Modul A<br \/>\n<\/strong>Truppmann 1 (Modul 1 und 2), Truppmann 2 (Modul 3 und 4), Funk, Atemschutz<\/p>\n<p><strong>DL-Maschinist<br \/>\n<\/strong>Truppmann 1 (Modul 1 und 2), Truppmann 2 (Modul 3 und 4), Funk, Atemschutz, Maschinist, F\u00fchrerschein Klasse C (ehemals Klasse 2), 3 Jahre nach Grundausbildung, Einsatzfahren ab 24 Jahren<\/p>\n<p><strong>F\u00fchrerschein &#8211; Boot<br \/>\n<\/strong>Truppmann 1 (Modul 1 und 2), Truppmann 2 (Modul 3 und 4), Funk, Technische Hilfe<\/p>\n<p><strong>Technische Hilfe<br \/>\n<\/strong>Truppmann 1 (Modul 1 und 2), Truppmann 2 (Modul 3 und 4), Funk, Atemschutz<\/p>\n<p><strong>Technische Hilfe \/ Wald<br \/>\n<\/strong>Truppmann 1 (Modul 1 und 2), Truppmann 2 (Modul 3 und 4), Technische Hilfe, Funk, Atemschutz<\/p>\n<p><strong>Gruppenf\u00fchrer F3<br \/>\n<\/strong>Truppmann 1 (Modul 1 und 2), Truppmann 2 (Modul 3 und 4), Truppf\u00fchrer (Modul 5 und 6\/7), Funk, Atemschutz, ABC-Modul A, ABC Modul BC, Maschinist<\/p>\n<p><strong>Ausgabe eines Funkmeldeempf\u00e4ngers (Melder)<br \/>\n<\/strong>Truppmann 1 (Modul 1 und 2)<\/p>\n<p>&nbsp;<\/p>\n<h3><strong>Dienstgrade der Freiwilligen Feuerwehr NRW<\/strong><\/h3>\n<table class=\"streifen\" style=\"height: 694px;\" width=\"697\" cellspacing=\"0\">\n<tbody>\n<tr>\n<td><img loading=\"lazy\" decoding=\"async\" class=\"wp-image-29740 alignright\" src=\"https:\/\/www.feuerwehr-ibbenbueren.de\/wp-content\/uploads\/2022\/12\/fa.gif\" alt=\"\" width=\"91\" height=\"40\" \/><\/td>\n<td>Feuerwehrmann\/frau-Anw\u00e4rter\/in<\/td>\n<\/tr>\n<tr>\n<td><img loading=\"lazy\" decoding=\"async\" class=\"wp-image-29741 alignright\" src=\"https:\/\/www.feuerwehr-ibbenbueren.de\/wp-content\/uploads\/2022\/12\/fm_ff.gif\" alt=\"\" width=\"90\" height=\"41\" \/><\/td>\n<td>Feuerwehrfrau\/Feuerwehrmann<\/td>\n<\/tr>\n<tr>\n<td><img loading=\"lazy\" decoding=\"async\" class=\"wp-image-29746 alignright\" src=\"https:\/\/www.feuerwehr-ibbenbueren.de\/wp-content\/uploads\/2022\/12\/ofm_off.gif\" alt=\"\" width=\"90\" height=\"53\" \/><\/td>\n<td>Oberfeuerwehrfrau\/Oberfeuerwehrmann<\/td>\n<\/tr>\n<tr>\n<td><img loading=\"lazy\" decoding=\"async\" class=\"wp-image-29744 alignright\" src=\"https:\/\/www.feuerwehr-ibbenbueren.de\/wp-content\/uploads\/2022\/12\/hfm_hff.gif\" alt=\"\" width=\"90\" height=\"63\" \/><\/td>\n<td>Hauptfeuerwehrfrau\/Hauptfeuerwehrmann<\/td>\n<\/tr>\n<tr>\n<td><img loading=\"lazy\" decoding=\"async\" class=\"wp-image-29747 alignright\" src=\"https:\/\/www.feuerwehr-ibbenbueren.de\/wp-content\/uploads\/2022\/12\/ubm.jpg\" alt=\"\" width=\"85\" height=\"75\" \/><\/td>\n<td>Unterbrandmeister\/in\u00a0\u00a0\u00a0\u00a0\u00a0\u00a0\u00a0\u00a0\u00a0\u00a0\u00a0\u00a0\u00a0\u00a0\u00a0\u00a0\u00a0\u00a0\u00a0\u00a0\u00a0\u00a0\u00a0\u00a0\u00a0\u00a0\u00a0\u00a0\u00a0\u00a0\u00a0\u00a0\u00a0\u00a0\u00a0\u00a0\u00a0\u00a0\u00a0\u00a0\u00a0\u00a0\u00a0 Truppf\u00fchrer<\/td>\n<\/tr>\n<tr>\n<td><img loading=\"lazy\" decoding=\"async\" class=\"wp-image-29738 alignright\" src=\"https:\/\/www.feuerwehr-ibbenbueren.de\/wp-content\/uploads\/2022\/12\/bm.gif\" alt=\"\" width=\"88\" height=\"36\" \/><\/td>\n<td>Brandmeister\/in\u00a0\u00a0\u00a0\u00a0\u00a0\u00a0\u00a0\u00a0\u00a0\u00a0\u00a0\u00a0\u00a0\u00a0\u00a0\u00a0\u00a0\u00a0\u00a0\u00a0\u00a0\u00a0\u00a0\u00a0\u00a0\u00a0\u00a0\u00a0\u00a0\u00a0\u00a0\u00a0\u00a0\u00a0\u00a0\u00a0\u00a0\u00a0\u00a0\u00a0\u00a0\u00a0\u00a0\u00a0\u00a0\u00a0\u00a0\u00a0\u00a0\u00a0\u00a0\u00a0\u00a0\u00a0Gruppenf\u00fchrer (F3)<\/td>\n<\/tr>\n<tr>\n<td><img loading=\"lazy\" decoding=\"async\" class=\"wp-image-29745 alignright\" src=\"https:\/\/www.feuerwehr-ibbenbueren.de\/wp-content\/uploads\/2022\/12\/obm.gif\" alt=\"\" width=\"87\" height=\"51\" \/><\/td>\n<td>Oberbrandmeister\/in\u00a0\u00a0\u00a0\u00a0\u00a0\u00a0\u00a0\u00a0\u00a0\u00a0\u00a0\u00a0\u00a0\u00a0\u00a0\u00a0\u00a0\u00a0\u00a0\u00a0\u00a0\u00a0\u00a0\u00a0\u00a0\u00a0\u00a0\u00a0\u00a0\u00a0\u00a0\u00a0\u00a0\u00a0\u00a0\u00a0\u00a0\u00a0\u00a0\u00a0\u00a0\u00a0\u00a0\u00a0\u00a0Gruppenf\u00fchrer (F3)<\/td>\n<\/tr>\n<tr>\n<td><img loading=\"lazy\" decoding=\"async\" class=\"wp-image-29743 alignright\" src=\"https:\/\/www.feuerwehr-ibbenbueren.de\/wp-content\/uploads\/2022\/12\/hbm.gif\" alt=\"\" width=\"87\" height=\"64\" \/><\/td>\n<td>Hauptbrandmeister\/in\u00a0\u00a0\u00a0\u00a0\u00a0\u00a0\u00a0\u00a0\u00a0\u00a0\u00a0\u00a0\u00a0\u00a0\u00a0\u00a0\u00a0\u00a0\u00a0\u00a0\u00a0\u00a0\u00a0\u00a0\u00a0\u00a0\u00a0\u00a0\u00a0\u00a0\u00a0\u00a0\u00a0\u00a0\u00a0\u00a0\u00a0\u00a0\u00a0\u00a0\u00a0\u00a0\u00a0Gruppenf\u00fchrer (F3)<\/td>\n<\/tr>\n<tr>\n<td><img loading=\"lazy\" decoding=\"async\" class=\"wp-image-29737 alignright\" src=\"https:\/\/www.feuerwehr-ibbenbueren.de\/wp-content\/uploads\/2022\/12\/bi.gif\" alt=\"\" width=\"85\" height=\"36\" \/><\/td>\n<td>Brandinspektor\/in\u00a0\u00a0\u00a0\u00a0\u00a0\u00a0\u00a0\u00a0\u00a0\u00a0\u00a0\u00a0\u00a0\u00a0\u00a0\u00a0\u00a0\u00a0\u00a0\u00a0\u00a0\u00a0\u00a0\u00a0\u00a0\u00a0\u00a0\u00a0\u00a0\u00a0\u00a0\u00a0\u00a0\u00a0\u00a0\u00a0\u00a0\u00a0\u00a0\u00a0\u00a0\u00a0\u00a0\u00a0\u00a0\u00a0\u00a0\u00a0\u00a0\u00a0 Zugf\u00fchrer (F\/B4)<\/td>\n<\/tr>\n<tr>\n<td><img loading=\"lazy\" decoding=\"async\" class=\"wp-image-29739 alignright\" src=\"https:\/\/www.feuerwehr-ibbenbueren.de\/wp-content\/uploads\/2022\/12\/boi.gif\" alt=\"\" width=\"85\" height=\"49\" \/><\/td>\n<td>Brandoberinspektor\/in\u00a0\u00a0\u00a0\u00a0\u00a0\u00a0\u00a0\u00a0\u00a0\u00a0\u00a0\u00a0\u00a0\u00a0\u00a0\u00a0\u00a0\u00a0\u00a0\u00a0\u00a0\u00a0\u00a0\u00a0\u00a0\u00a0\u00a0\u00a0\u00a0\u00a0\u00a0\u00a0\u00a0\u00a0\u00a0\u00a0\u00a0\u00a0\u00a0\u00a0\u00a0 Verbandsf\u00fchrer (F\/B5)<\/td>\n<\/tr>\n<tr>\n<td><img loading=\"lazy\" decoding=\"async\" class=\"wp-image-29742 alignright\" src=\"https:\/\/www.feuerwehr-ibbenbueren.de\/wp-content\/uploads\/2022\/12\/gbi_stbi.gif\" alt=\"\" width=\"89\" height=\"66\" \/><\/td>\n<td>Gemeinde- oder Stadtbrandinspektor\/in\u00a0\u00a0\u00a0\u00a0\u00a0\u00a0\u00a0\u00a0\u00a0 Verbandsf\u00fchrer (F6)<\/td>\n<\/tr>\n<\/tbody>\n<\/table>\n<p>&nbsp;<\/p>\n<p>&nbsp;<\/p>\n<p>&nbsp;<\/p>\n","protected":false},"excerpt":{"rendered":"<p>\u00dcbersicht der verschiedenen Lehrg\u00e4nge und Seminare mit Zugangsvoraussetzungen, Inhalten und Terminen.<\/p>\n","protected":false},"author":3,"featured_media":0,"parent":5,"menu_order":10,"comment_status":"open","ping_status":"closed","template":"","meta":{"footnotes":""},"class_list":["post-93","page","type-page","status-publish","hentry"],"_links":{"self":[{"href":"https:\/\/www.feuerwehr-ibbenbueren.de\/index.php?rest_route=\/wp\/v2\/pages\/93","targetHints":{"allow":["GET"]}}],"collection":[{"href":"https:\/\/www.feuerwehr-ibbenbueren.de\/index.php?rest_route=\/wp\/v2\/pages"}],"about":[{"href":"https:\/\/www.feuerwehr-ibbenbueren.de\/index.php?rest_route=\/wp\/v2\/types\/page"}],"author":[{"embeddable":true,"href":"https:\/\/www.feuerwehr-ibbenbueren.de\/index.php?rest_route=\/wp\/v2\/users\/3"}],"replies":[{"embeddable":true,"href":"https:\/\/www.feuerwehr-ibbenbueren.de\/index.php?rest_route=%2Fwp%2Fv2%2Fcomments&post=93"}],"version-history":[{"count":54,"href":"https:\/\/www.feuerwehr-ibbenbueren.de\/index.php?rest_route=\/wp\/v2\/pages\/93\/revisions"}],"predecessor-version":[{"id":37688,"href":"https:\/\/www.feuerwehr-ibbenbueren.de\/index.php?rest_route=\/wp\/v2\/pages\/93\/revisions\/37688"}],"up":[{"embeddable":true,"href":"https:\/\/www.feuerwehr-ibbenbueren.de\/index.php?rest_route=\/wp\/v2\/pages\/5"}],"wp:attachment":[{"href":"https:\/\/www.feuerwehr-ibbenbueren.de\/index.php?rest_route=%2Fwp%2Fv2%2Fmedia&parent=93"}],"curies":[{"name":"wp","href":"https:\/\/api.w.org\/{rel}","templated":true}]}}