{"id":965,"date":"2015-04-23T13:00:27","date_gmt":"2015-04-23T11:00:27","guid":{"rendered":"http:\/\/www.feuerwehr-ibbenbueren.de\/?page_id=965"},"modified":"2025-01-04T18:59:06","modified_gmt":"2025-01-04T17:59:06","slug":"test-doerenthe-2-2-2-2","status":"publish","type":"page","link":"https:\/\/www.feuerwehr-ibbenbueren.de\/?page_id=965","title":{"rendered":"Jugendfeuerwehr"},"content":{"rendered":"<h3>Jugendfeuerwehr<\/h3>\n<p>Die Jugendfeuerwehr Ibbenb\u00fcren wurde im Jahre 1977 unter Josef Kersting gegr\u00fcndet. Sie geh\u00f6rt mit zu den ersten Jugendfeuerwehren im Kreis Steinfurt. Nicht nur die feuerwehrtechnische Ausbildung geh\u00f6rt zur Arbeit der Jugendfeuerwehr &#8211; es finden auch Sonderdienste, Ferienfreizeiten und viele andere Aktivit\u00e4ten der allgemeinen Jugendarbeit statt.<\/p>\n<p>Unter der Leitung von Markus Schoppe und Tina Dieselk\u00e4mper verrichten die 50 Jugendfeuerwehrmitglieder (Jungen und M\u00e4dchen) ihren Ausbildungsdienst im 14-t\u00e4gigem Rhythmus. Unterst\u00fctzt wird die Ausbildung von Ines Raupach, Patrick Scholmeyer, Kevin K\u00f6hler, Sebastian Donnermeyer, Oliver Bohlmann, S\u00f6ren Elfring und Niklas Dieselk\u00e4mper.<\/p>\n<p>Im Januar 2006\u00a0ist die Jugendfeuerwehr Ibbenb\u00fcren\u00a0um eine eigene Gruppe in Laggenbeck aufgestockt worden. Diese besteht nur aus dem Laggenbecker Nachwuchs und ist auch \u00f6rtlich an den L\u00f6schzug Laggenbeck angegliedert. Die Dienstabende werden gemeinsam gestaltet. Auch die Ferienfreizeit in den Sommerferien, sowie Zeltlager und \u00c4hnliches werden gemeinsam durchgef\u00fchrt. Hiermit wird best\u00e4rkt, dass alle Mitglieder der Jugendfeuerwehr in einer Feuerwehr t\u00e4tig sind und somit auch \u00fcber Stadtteilgrenzen hinweg zusammenarbeiten wollen und k\u00f6nnen.<\/p>\n<div id=\"attachment_1202\" style=\"width: 260px\" class=\"wp-caption aligncenter\"><img loading=\"lazy\" decoding=\"async\" aria-describedby=\"caption-attachment-1202\" class=\"size-full wp-image-1202\" src=\"https:\/\/www.feuerwehr-ibbenbueren.de\/wp-content\/uploads\/2015\/04\/008.jpg\" alt=\"Die Jugendfeuerwehr bei einer Feuerl\u00f6scherausbildung\" width=\"250\" height=\"167\" \/><p id=\"caption-attachment-1202\" class=\"wp-caption-text\">Die Jugendfeuerwehr bei einer Feuerl\u00f6scherausbildung<\/p><\/div>\n<p>Die Jugendfeuerwehr bildet Jugendliche im Alter von 12 bis 18 Jahren\u00a0zu Feuerwehrm\u00e4nnern aus. Nach der Ausbildung im Rahmen der Jugendfeuerwehr werden die jungen Kameraden zu Ihrem 18. Geburtstag in den aktiven Dienst mit dem Dienstgrad &#8222;Feuerwehrmann&#8220; \u00fcbernommen.<\/p>\n<p>Hauptziel der Arbeit ist aber nicht nur die Nachwuchsgewinnung f\u00fcr die aktive Wehr, sondern im Besonderen die Jugendlichen daran zu gew\u00f6hnen, sich in die Gruppe einzuf\u00fcgen und &#8222;Teamwork&#8220; zu erleben und mit zu gestalten.<\/p>\n<h3>Das Jugendfeuerwehrlager<\/h3>\n<p>Bis 2010 fuhr die Jugendfeuerwehr Ibbenb\u00fcren jedes Jahr in den Herbstferien in die Ferienfreizeit, das sogenannte Jugendfeuerwehrlager, f\u00fcr 9 Tage &#8211; meistens nach S\u00fcddeutschland oder an die See. F\u00fcr das Lager wurde in jedem Jahr ein Selbstversorgerhaus gemietet und ein anspruchsvolles Programm erarbeitet. &#8222;Wir kochen und putzen selbst!&#8220;, sagte der ehemalige Jugendfeuerwehrwart Peter Denecke immer wieder gerne, um zu unterstreichen, dass die &#8222;Jungs&#8220; auch in Sachen Haushaltsf\u00fchrung etwas bei der JF lernen k\u00f6nnen.<\/p>\n<div id=\"attachment_1203\" style=\"width: 310px\" class=\"wp-caption alignleft\"><img loading=\"lazy\" decoding=\"async\" aria-describedby=\"caption-attachment-1203\" class=\"size-medium wp-image-1203\" src=\"https:\/\/www.feuerwehr-ibbenbueren.de\/wp-content\/uploads\/2015\/04\/009-300x225.jpg\" alt=\"Die Jugendfeuerwehr im Jugendfeuerwehrlager an der Ostsee\" width=\"300\" height=\"225\" srcset=\"https:\/\/www.feuerwehr-ibbenbueren.de\/wp-content\/uploads\/2015\/04\/009-300x225.jpg 300w, https:\/\/www.feuerwehr-ibbenbueren.de\/wp-content\/uploads\/2015\/04\/009-250x188.jpg 250w, https:\/\/www.feuerwehr-ibbenbueren.de\/wp-content\/uploads\/2015\/04\/009.jpg 800w\" sizes=\"auto, (max-width: 300px) 100vw, 300px\" \/><p id=\"caption-attachment-1203\" class=\"wp-caption-text\">Die Jugendfeuerwehr im Jugendfeuerwehrlager an der Ostsee<\/p><\/div>\n<p>Die Jugendfeuerwehr Ibbenb\u00fcren war anfangs in Wirmighausen, sp\u00e4ter in Bad T\u00f6lz, Ellemeet (NL), Neustadt in Holstein, Herrischried, Traunstein, Todtmoos, Reit im Winkl, Fuchstal\/Leeder, Gaienhofen-Horn, Osterby, Gr\u00f6mitz an der Ostsee, Weitnau, Wehe den Hoorn (NL), Gosselding-Buchbach, Otterndorf an der Nordsee, Berlin, Hamburg, Ulsnis bei Kappeln an der Schlei\u00a0und vielen anderen St\u00e4dten zu Gast.<\/p>\n<p>Seit 2010 hat die Jugendfeuerwehr ihr Ferienlager an den Anfang der Sommerferien gelegt und bevorzugt es wieder Zeltlager zu veranstalten. Im Jahr 2015 wurde das Herbstlager seit langem wieder einmal in den Herbstferien und in einer Selbstversorgerunterkunft durchgef\u00fchrt.<\/p>\n<h3>\u00dcbungen<\/h3>\n<p>Zu den Aktivit\u00e4ten der Jugendfeuerwehr geh\u00f6rt auch die allj\u00e4hrlich stattfindende Herbstabschluss\u00fcbung, die in jedem Jahr an einem anderen Objekt durchgef\u00fchrt wird. Diese \u00dcbungen dienen dazu die Jugendlichen realistischer auf ihre zuk\u00fcnftigen Aufgaben vorzubereiten.<\/p>\n<div class=\"clearfix\">\n<p>Auch auf Kreisebene ist die Jugendfeuerwehr sehr aktiv. Sie nimmt an dem allj\u00e4hrlich stattfindenden Kreisjugendfeuerwehr-Orientierungsmarsch teil, besucht das alle zwei Jahre veranstaltete Kreisjugendfeuerwehrzeltlager und selbstverst\u00e4ndlich auch die Kreisjugendfeuerwehr-Alarm\u00fcbung.<\/p>\n<p>Einmal in Jahr bereitet sich eine Gruppe (1+8) der JF auf die Abnahme der Leistungsspange der deutschen Jugendfeuerwehr auf Landesebene vor.<\/p>\n<div id=\"attachment_1204\" style=\"width: 526px\" class=\"wp-caption alignleft\"><img loading=\"lazy\" decoding=\"async\" aria-describedby=\"caption-attachment-1204\" class=\" wp-image-1204\" src=\"https:\/\/www.feuerwehr-ibbenbueren.de\/wp-content\/uploads\/2015\/04\/010-300x199.jpg\" alt=\"Eine Leistungsnachweisgruppe der Jugendfeuerwehr Ibbenb\u00fcren in M\u00fcnster\" width=\"516\" height=\"342\" srcset=\"https:\/\/www.feuerwehr-ibbenbueren.de\/wp-content\/uploads\/2015\/04\/010-300x199.jpg 300w, https:\/\/www.feuerwehr-ibbenbueren.de\/wp-content\/uploads\/2015\/04\/010-250x166.jpg 250w, https:\/\/www.feuerwehr-ibbenbueren.de\/wp-content\/uploads\/2015\/04\/010.jpg 800w\" sizes=\"auto, (max-width: 516px) 100vw, 516px\" \/><p id=\"caption-attachment-1204\" class=\"wp-caption-text\">Eine Leistungsnachweisgruppe der Jugendfeuerwehr Ibbenb\u00fcren in M\u00fcnster<\/p><\/div>\n<h3><\/h3>\n<h3><\/h3>\n<h3><\/h3>\n<h3><\/h3>\n<h3><\/h3>\n<h3><\/h3>\n<h3><\/h3>\n<h3><\/h3>\n<h3><\/h3>\n<h3>Ansprechpartner<\/h3>\n<p>Die Jugendwarte der Jugendfeuerwehr Ibbenb\u00fcren ab ihrer Gr\u00fcndung im Jahr 1977:<\/p>\n<p>1977 &#8211; 1988 Josef Kersting<\/p>\n<p>1988 &#8211; 1990 Franz-Josef Feldk\u00e4mper<\/p>\n<p>1990 &#8211; 2003 Peter Denecke<\/p>\n<p>2003 &#8211; 2013 Marc Sch\u00fcttken<\/p>\n<p>2013 &#8211; 2020 Bastian Siebelmeyer<\/p>\n<p>seit 2020 Markus Schoppe<\/p>\n<p>Bei Fragen zur Jugendfeuerwehr wenden Sie sich bitte an den Jugendwart HBM Markus Schoppe oder seine Stellvertreterin OBM Tina Dieselk\u00e4mper.<\/p>\n<p><a href=\"https:\/\/www.feuerwehr-ibbenbueren.de\/?typejfw=2_zugfuehrung\"><input class=\"wpcf7-form-control wpcf7-submit\" type=\"submit\" value=\"Zum Personal\" \/><\/a><\/p>\n<\/div>\n<p>&nbsp;<\/p>\n","protected":false},"excerpt":{"rendered":"<p>Die Jugendfeuerwehr Ibbenb\u00fcren wurde im Jahre 1977 gegr\u00fcndet. Nicht nur die feuerwehrtechnische Ausbildung geh\u00f6rt zur Arbeit der Jugendfeuerwehr &#8211; es finden auch Sonderdienste, Ferienfreizeiten und viele andere Aktivit\u00e4ten der allgemeinen Jugendarbeit statt.<\/p>\n","protected":false},"author":3,"featured_media":1239,"parent":5,"menu_order":7,"comment_status":"open","ping_status":"closed","template":"","meta":{"footnotes":""},"class_list":["post-965","page","type-page","status-publish","has-post-thumbnail","hentry"],"_links":{"self":[{"href":"https:\/\/www.feuerwehr-ibbenbueren.de\/index.php?rest_route=\/wp\/v2\/pages\/965","targetHints":{"allow":["GET"]}}],"collection":[{"href":"https:\/\/www.feuerwehr-ibbenbueren.de\/index.php?rest_route=\/wp\/v2\/pages"}],"about":[{"href":"https:\/\/www.feuerwehr-ibbenbueren.de\/index.php?rest_route=\/wp\/v2\/types\/page"}],"author":[{"embeddable":true,"href":"https:\/\/www.feuerwehr-ibbenbueren.de\/index.php?rest_route=\/wp\/v2\/users\/3"}],"replies":[{"embeddable":true,"href":"https:\/\/www.feuerwehr-ibbenbueren.de\/index.php?rest_route=%2Fwp%2Fv2%2Fcomments&post=965"}],"version-history":[{"count":27,"href":"https:\/\/www.feuerwehr-ibbenbueren.de\/index.php?rest_route=\/wp\/v2\/pages\/965\/revisions"}],"predecessor-version":[{"id":37681,"href":"https:\/\/www.feuerwehr-ibbenbueren.de\/index.php?rest_route=\/wp\/v2\/pages\/965\/revisions\/37681"}],"up":[{"embeddable":true,"href":"https:\/\/www.feuerwehr-ibbenbueren.de\/index.php?rest_route=\/wp\/v2\/pages\/5"}],"wp:featuredmedia":[{"embeddable":true,"href":"https:\/\/www.feuerwehr-ibbenbueren.de\/index.php?rest_route=\/wp\/v2\/media\/1239"}],"wp:attachment":[{"href":"https:\/\/www.feuerwehr-ibbenbueren.de\/index.php?rest_route=%2Fwp%2Fv2%2Fmedia&parent=965"}],"curies":[{"name":"wp","href":"https:\/\/api.w.org\/{rel}","templated":true}]}}

<h3>Jugendfeuerwehr</h3>
<p>Die Jugendfeuerwehr Ibbenbüren wurde im Jahre 1977 unter Josef Kersting gegründet. Sie gehört mit zu den ersten Jugendfeuerwehren im Kreis Steinfurt. Nicht nur die feuerwehrtechnische Ausbildung gehört zur Arbeit der Jugendfeuerwehr &#8211; es finden auch Sonderdienste, Ferienfreizeiten und viele andere Aktivitäten der allgemeinen Jugendarbeit statt.</p>
<p>Unter der Leitung von Markus Schoppe und Tina Dieselkämper verrichten die 50 Jugendfeuerwehrmitglieder (Jungen und Mädchen) ihren Ausbildungsdienst im 14-tägigem Rhythmus. Unterstützt wird die Ausbildung von Ines Raupach, Patrick Scholmeyer, Kevin Köhler, Sebastian Donnermeyer, Oliver Bohlmann, Sören Elfring und Niklas Dieselkämper.</p>
<p>Im Januar 2006 ist die Jugendfeuerwehr Ibbenbüren um eine eigene Gruppe in Laggenbeck aufgestockt worden. Diese besteht nur aus dem Laggenbecker Nachwuchs und ist auch örtlich an den Löschzug Laggenbeck angegliedert. Die Dienstabende werden gemeinsam gestaltet. Auch die Ferienfreizeit in den Sommerferien, sowie Zeltlager und Ähnliches werden gemeinsam durchgeführt. Hiermit wird bestärkt, dass alle Mitglieder der Jugendfeuerwehr in einer Feuerwehr tätig sind und somit auch über Stadtteilgrenzen hinweg zusammenarbeiten wollen und können.</p>
<div id="attachment_1202" style="width: 260px" class="wp-caption aligncenter"><img loading="lazy" decoding="async" aria-describedby="caption-attachment-1202" class="size-full wp-image-1202" src="https://www.feuerwehr-ibbenbueren.de/wp-content/uploads/2015/04/008.jpg" alt="Die Jugendfeuerwehr bei einer Feuerlöscherausbildung" width="250" height="167" /><p id="caption-attachment-1202" class="wp-caption-text">Die Jugendfeuerwehr bei einer Feuerlöscherausbildung</p></div>
<p>Die Jugendfeuerwehr bildet Jugendliche im Alter von 12 bis 18 Jahren zu Feuerwehrmännern aus. Nach der Ausbildung im Rahmen der Jugendfeuerwehr werden die jungen Kameraden zu Ihrem 18. Geburtstag in den aktiven Dienst mit dem Dienstgrad &#8222;Feuerwehrmann&#8220; übernommen.</p>
<p>Hauptziel der Arbeit ist aber nicht nur die Nachwuchsgewinnung für die aktive Wehr, sondern im Besonderen die Jugendlichen daran zu gewöhnen, sich in die Gruppe einzufügen und &#8222;Teamwork&#8220; zu erleben und mit zu gestalten.</p>
<h3>Das Jugendfeuerwehrlager</h3>
<p>Bis 2010 fuhr die Jugendfeuerwehr Ibbenbüren jedes Jahr in den Herbstferien in die Ferienfreizeit, das sogenannte Jugendfeuerwehrlager, für 9 Tage &#8211; meistens nach Süddeutschland oder an die See. Für das Lager wurde in jedem Jahr ein Selbstversorgerhaus gemietet und ein anspruchsvolles Programm erarbeitet. &#8222;Wir kochen und putzen selbst!&#8220;, sagte der ehemalige Jugendfeuerwehrwart Peter Denecke immer wieder gerne, um zu unterstreichen, dass die &#8222;Jungs&#8220; auch in Sachen Haushaltsführung etwas bei der JF lernen können.</p>
<div id="attachment_1203" style="width: 310px" class="wp-caption alignleft"><img loading="lazy" decoding="async" aria-describedby="caption-attachment-1203" class="size-medium wp-image-1203" src="https://www.feuerwehr-ibbenbueren.de/wp-content/uploads/2015/04/009-300x225.jpg" alt="Die Jugendfeuerwehr im Jugendfeuerwehrlager an der Ostsee" width="300" height="225" srcset="https://www.feuerwehr-ibbenbueren.de/wp-content/uploads/2015/04/009-300x225.jpg 300w, https://www.feuerwehr-ibbenbueren.de/wp-content/uploads/2015/04/009-250x188.jpg 250w, https://www.feuerwehr-ibbenbueren.de/wp-content/uploads/2015/04/009.jpg 800w" sizes="auto, (max-width: 300px) 100vw, 300px" /><p id="caption-attachment-1203" class="wp-caption-text">Die Jugendfeuerwehr im Jugendfeuerwehrlager an der Ostsee</p></div>
<p>Die Jugendfeuerwehr Ibbenbüren war anfangs in Wirmighausen, später in Bad Tölz, Ellemeet (NL), Neustadt in Holstein, Herrischried, Traunstein, Todtmoos, Reit im Winkl, Fuchstal/Leeder, Gaienhofen-Horn, Osterby, Grömitz an der Ostsee, Weitnau, Wehe den Hoorn (NL), Gosselding-Buchbach, Otterndorf an der Nordsee, Berlin, Hamburg, Ulsnis bei Kappeln an der Schlei und vielen anderen Städten zu Gast.</p>
<p>Seit 2010 hat die Jugendfeuerwehr ihr Ferienlager an den Anfang der Sommerferien gelegt und bevorzugt es wieder Zeltlager zu veranstalten. Im Jahr 2015 wurde das Herbstlager seit langem wieder einmal in den Herbstferien und in einer Selbstversorgerunterkunft durchgeführt.</p>
<h3>Übungen</h3>
<p>Zu den Aktivitäten der Jugendfeuerwehr gehört auch die alljährlich stattfindende Herbstabschlussübung, die in jedem Jahr an einem anderen Objekt durchgeführt wird. Diese Übungen dienen dazu die Jugendlichen realistischer auf ihre zukünftigen Aufgaben vorzubereiten.</p>
<div class="clearfix">
<p>Auch auf Kreisebene ist die Jugendfeuerwehr sehr aktiv. Sie nimmt an dem alljährlich stattfindenden Kreisjugendfeuerwehr-Orientierungsmarsch teil, besucht das alle zwei Jahre veranstaltete Kreisjugendfeuerwehrzeltlager und selbstverständlich auch die Kreisjugendfeuerwehr-Alarmübung.</p>
<p>Einmal in Jahr bereitet sich eine Gruppe (1+8) der JF auf die Abnahme der Leistungsspange der deutschen Jugendfeuerwehr auf Landesebene vor.</p>
<div id="attachment_1204" style="width: 526px" class="wp-caption alignleft"><img loading="lazy" decoding="async" aria-describedby="caption-attachment-1204" class=" wp-image-1204" src="https://www.feuerwehr-ibbenbueren.de/wp-content/uploads/2015/04/010-300x199.jpg" alt="Eine Leistungsnachweisgruppe der Jugendfeuerwehr Ibbenbüren in Münster" width="516" height="342" srcset="https://www.feuerwehr-ibbenbueren.de/wp-content/uploads/2015/04/010-300x199.jpg 300w, https://www.feuerwehr-ibbenbueren.de/wp-content/uploads/2015/04/010-250x166.jpg 250w, https://www.feuerwehr-ibbenbueren.de/wp-content/uploads/2015/04/010.jpg 800w" sizes="auto, (max-width: 516px) 100vw, 516px" /><p id="caption-attachment-1204" class="wp-caption-text">Eine Leistungsnachweisgruppe der Jugendfeuerwehr Ibbenbüren in Münster</p></div>
<h3></h3>
<h3></h3>
<h3></h3>
<h3></h3>
<h3></h3>
<h3></h3>
<h3></h3>
<h3></h3>
<h3></h3>
<h3>Ansprechpartner</h3>
<p>Die Jugendwarte der Jugendfeuerwehr Ibbenbüren ab ihrer Gründung im Jahr 1977:</p>
<p>1977 &#8211; 1988 Josef Kersting</p>
<p>1988 &#8211; 1990 Franz-Josef Feldkämper</p>
<p>1990 &#8211; 2003 Peter Denecke</p>
<p>2003 &#8211; 2013 Marc Schüttken</p>
<p>2013 &#8211; 2020 Bastian Siebelmeyer</p>
<p>seit 2020 Markus Schoppe</p>
<p>Bei Fragen zur Jugendfeuerwehr wenden Sie sich bitte an den Jugendwart HBM Markus Schoppe oder seine Stellvertreterin OBM Tina Dieselkämper.</p>
<p><a href="https://www.feuerwehr-ibbenbueren.de/?typejfw=2_zugfuehrung"><input class="wpcf7-form-control wpcf7-submit" type="submit" value="Zum Personal" /></a></p>
</div>
<p>&nbsp;</p>

<p>Die Jugendfeuerwehr Ibbenbüren wurde im Jahre 1977 gegründet. Nicht nur die feuerwehrtechnische Ausbildung gehört zur Arbeit der Jugendfeuerwehr &#8211; es finden auch Sonderdienste, Ferienfreizeiten und viele andere Aktivitäten der allgemeinen Jugendarbeit statt.</p>
