{"id":970,"date":"2015-04-23T15:38:10","date_gmt":"2015-04-23T13:38:10","guid":{"rendered":"http:\/\/www.feuerwehr-ibbenbueren.de\/?page_id=970"},"modified":"2025-01-04T19:00:08","modified_gmt":"2025-01-04T18:00:08","slug":"hlz","status":"publish","type":"page","link":"https:\/\/www.feuerwehr-ibbenbueren.de\/?page_id=970","title":{"rendered":"HLZ \u2013 Historischer L\u00f6schzug"},"content":{"rendered":"<h3>HLZ \u2013 Historischer L\u00f6schzug<\/h3>\n<p>Der Historische L\u00f6schzug Ibbenb\u00fcren wurde im Jahr 2000 ins Leben gerufen. Seine Aufgabe sehen die beteiligten Kameraden in der Pflege und Erhaltung von \u00e4lteren Feuerwehrfahrzeugen, die zuvor in Ibbenb\u00fcren im Dienst gestanden haben.<\/p>\n<p>Alles begann mit der alten DL30 Baujahr 1965, die im Gr\u00fcndungsjahr des HLZ schon l\u00e4ngst durch ihren Nachfolger ersetzt war, aber noch immer in der Stadt Ibbenb\u00fcren als Reserveleiter zur Verf\u00fcgung stand.<\/p>\n<p>Die private Beschaffung des TSF auf Ford Taunus Transit, aus dem Jahr 1965, brachte dann den Stein so richtig ins Rollen. Dieses Fahrzeug hatte seinen Dienst zu aktiven Zeiten im L\u00f6schzug D\u00f6renthe versehen und musste aufw\u00e4ndig restauriert werden.<\/p>\n<div id=\"attachment_1187\" style=\"width: 310px\" class=\"wp-caption alignleft\"><img loading=\"lazy\" decoding=\"async\" aria-describedby=\"caption-attachment-1187\" class=\"wp-image-1187 size-medium\" src=\"https:\/\/www.feuerwehr-ibbenbueren.de\/wp-content\/uploads\/2015\/04\/001-300x200.jpg\" alt=\"Restauration des SKW2000 bei der Firma KFZ Brunne\" width=\"300\" height=\"200\" srcset=\"https:\/\/www.feuerwehr-ibbenbueren.de\/wp-content\/uploads\/2015\/04\/001-300x200.jpg 300w, https:\/\/www.feuerwehr-ibbenbueren.de\/wp-content\/uploads\/2015\/04\/001-250x166.jpg 250w, https:\/\/www.feuerwehr-ibbenbueren.de\/wp-content\/uploads\/2015\/04\/001-740x494.jpg 740w, https:\/\/www.feuerwehr-ibbenbueren.de\/wp-content\/uploads\/2015\/04\/001-570x381.jpg 570w, https:\/\/www.feuerwehr-ibbenbueren.de\/wp-content\/uploads\/2015\/04\/001.jpg 800w\" sizes=\"auto, (max-width: 300px) 100vw, 300px\" \/><p id=\"caption-attachment-1187\" class=\"wp-caption-text\">Restauration des SKW2000 bei der Firma KFZ Brunne<\/p><\/div>\n<p>Immer mehr Kameraden der Feuerwehr Ibbenb\u00fcren entwickelten Interesse\u00a0an dieser Arbeit und nach Fertigstellung des TSF stand auch schon das n\u00e4chste Fahrzeug vor der T\u00fcr: das TLF16\/25 Baujahr 1965, welches seine Dienstzeit im L\u00f6schzug Laggenbeck versehen hatte. Auch dieses Fahrzeug bedurfte einer aufw\u00e4ndigen Komplettrestaurierung und es sollte nicht das letzte bleiben.<\/p>\n<p>Der alte SKW2000 Baujahr 1963 war die Nummer vier, die in Eigenarbeit und mit viel Schwei\u00df in den Hallen der Firma Brunne durch die Kameraden der Feuerwehr Ibbenb\u00fcren restauriert wurde.<\/p>\n<p>Zu den nun vier Fahrzeugen wurde noch ein alter TSA erworben, dessen Innenleben mit einer eher feuerwehruntypischen Ausstattung versehen wurde. Wo doch grade bei den vier vorausgegangenen Fahrzeugen darauf Wert gelegt wurde sie nahezu originalgetreu wiederherzustellen, so lag beim TSA eher der praktische Nutzen im Vordergrund. Nach einer ersten Verwendung als rollender Stauraum, wurde aus ihm ein Verpflegungsanh\u00e4nger incl. K\u00fchlschrank und Sp\u00fcle.<\/p>\n<p>Dabei sollte es aber noch nicht bleiben. Ein zweites TSF auf VW Transporter T2\u00a0erg\u00e4nzte den Fuhrpark, auch wenn\u00a0dieses Fahrzeug nicht zuvor im Dienste der Feuerwehr Ibbenb\u00fcren gestanden hat.<\/p>\n<div id=\"attachment_1194\" style=\"width: 310px\" class=\"wp-caption alignright\"><img loading=\"lazy\" decoding=\"async\" aria-describedby=\"caption-attachment-1194\" class=\"wp-image-1194 size-medium\" src=\"https:\/\/www.feuerwehr-ibbenbueren.de\/wp-content\/uploads\/2015\/04\/007-300x199.jpg\" alt=\"Arbeiten an dem SKW 2000\" width=\"300\" height=\"199\" srcset=\"https:\/\/www.feuerwehr-ibbenbueren.de\/wp-content\/uploads\/2015\/04\/007-300x199.jpg 300w, https:\/\/www.feuerwehr-ibbenbueren.de\/wp-content\/uploads\/2015\/04\/007-250x166.jpg 250w, https:\/\/www.feuerwehr-ibbenbueren.de\/wp-content\/uploads\/2015\/04\/007-740x494.jpg 740w, https:\/\/www.feuerwehr-ibbenbueren.de\/wp-content\/uploads\/2015\/04\/007.jpg 800w\" sizes=\"auto, (max-width: 300px) 100vw, 300px\" \/><p id=\"caption-attachment-1194\" class=\"wp-caption-text\">Arbeiten an dem SKW 2000<\/p><\/div>\n<p>Seit dem Jahr 2001 f\u00e4hrt der HLZ regelm\u00e4\u00dfig zu diversen Feuerwehroldtimertreffen, um die Fahrzeuge auch in der \u00d6ffentlichkeit pr\u00e4sentieren zu k\u00f6nnen.<\/p>\n<p>So war der HLZ schon bei vielen Treffen in Norddeich, Rheda-Wiedenbr\u00fcck, Delbr\u00fcck, Hilter a.T.W., Ostbevern, Meddo (NL), Hannover, Nienburg an der Weser und vielen mehr. Des Weiteren wurden und werden auch viele Tage der offenen T\u00fcr benachbarter Feuerwehren und L\u00f6schz\u00fcge besucht.<\/p>\n<p>Selbstverst\u00e4ndlich stehen regelm\u00e4\u00dfige Bewegungsfahrten auf dem Programm, denn jeder wei\u00df: \u201eWer rastet, der rostet!\u201c. Aber das tun unsere Sch\u00e4tzchen auch so immer ein bisschen.<\/p>\n<p>Die Finanzierung der Fahrzeuge und Ausfahrten erfolgt \u00fcbrigens rein privat. Die Fahrzeuge befinden sich in Privatbesitz und die anfallenden Kosten werden von ihrem jeweiligen Besitzer getragen.<\/p>\n<p>Bei Fragen zum Historischen L\u00f6schzug Ibbenb\u00fcren wenden Sie sich bitte an HFM Dirk Brunne \/ Historischer L\u00f6schzug.<\/p>\n<p><a href=\"https:\/\/www.feuerwehr-ibbenbueren.de\/?typehlz=2_ansprechpartner\"><input class=\"wpcf7-form-control wpcf7-submit\" type=\"submit\" value=\"Zum Personal\" \/><\/a><\/p>\n<p>&nbsp;<\/p>\n\n\t\t<div id='gallery-1' class='gallery galleryid-970 gallery-columns-4 gallery-size-thumbnail gallery1'><script type=\"text\/javascript\">\r\n\/\/ <![CDATA[\r\n\tjQuery(document).ready(function () {\r\n\t\tjQuery(\".gallery1 a\").attr(\"rel\",\"gallery1\");\t\r\n\t\tjQuery('a[rel=\"gallery1\"]').colorbox({maxWidth:\"95%\", maxHeight:\"95%\",title: function(){ return jQuery(this).children().attr(\"alt\"); }, });\r\n\t});\r\n\/\/ ]]>\r\n<\/script>\n<dl class=\"gallery-item\">\n<dt class=\"gallery-icon\">\r\n<a href=\"https:\/\/www.feuerwehr-ibbenbueren.de\/wp-content\/uploads\/2015\/04\/001.jpg\" title=\"Restauration des SKW2000 bei der Firma KFZ Brunne\" rel=\"gallery1\"><img loading=\"lazy\" decoding=\"async\" src=\"https:\/\/www.feuerwehr-ibbenbueren.de\/wp-content\/uploads\/2015\/04\/001-150x150.jpg\" width=\"150\" height=\"150\" alt=\"Restauration des SKW2000 bei der Firma KFZ Brunne\" \/><\/a>\r\n<\/dt><dd class=\"gallery-caption\" id=\"caption1187\"><span class=\"imagecaption\">Restauration des SKW2000 bei der Firma KFZ Brunne<\/span><br \/>\n<\/dd><\/dl><dl class=\"gallery-item\">\n<dt class=\"gallery-icon\">\r\n<a href=\"https:\/\/www.feuerwehr-ibbenbueren.de\/wp-content\/uploads\/2015\/04\/007.jpg\" title=\"Arbeiten an dem SKW 2000\" rel=\"gallery1\"><img loading=\"lazy\" decoding=\"async\" src=\"https:\/\/www.feuerwehr-ibbenbueren.de\/wp-content\/uploads\/2015\/04\/007-150x150.jpg\" width=\"150\" height=\"150\" alt=\"Arbeiten an dem SKW 2000\" \/><\/a>\r\n<\/dt><dd class=\"gallery-caption\" id=\"caption1194\"><span class=\"imagecaption\">Arbeiten an dem SKW 2000<\/span><br \/>\n<\/dd><\/dl><dl class=\"gallery-item\">\n<dt class=\"gallery-icon\">\r\n<a href=\"https:\/\/www.feuerwehr-ibbenbueren.de\/wp-content\/uploads\/2015\/04\/006.jpg\" title=\"Restaurationsarbeiten an der DL30\" rel=\"gallery1\"><img loading=\"lazy\" decoding=\"async\" src=\"https:\/\/www.feuerwehr-ibbenbueren.de\/wp-content\/uploads\/2015\/04\/006-150x150.jpg\" width=\"150\" height=\"150\" alt=\"Restaurationsarbeiten an der DL30\" \/><\/a>\r\n<\/dt><dd class=\"gallery-caption\" id=\"caption1193\"><span class=\"imagecaption\">Restaurationsarbeiten an der DL30<\/span><br \/>\n<\/dd><\/dl><dl class=\"gallery-item\">\n<dt class=\"gallery-icon\">\r\n<a href=\"https:\/\/www.feuerwehr-ibbenbueren.de\/wp-content\/uploads\/2015\/04\/004.jpg\" title=\"Besichtigung des FMO mit dem HLZ\" rel=\"gallery1\"><img loading=\"lazy\" decoding=\"async\" src=\"https:\/\/www.feuerwehr-ibbenbueren.de\/wp-content\/uploads\/2015\/04\/004-150x150.jpg\" width=\"150\" height=\"150\" alt=\"Besichtigung des FMO mit dem HLZ\" \/><\/a>\r\n<\/dt><dd class=\"gallery-caption\" id=\"caption1191\"><span class=\"imagecaption\">Besichtigung des FMO mit dem HLZ<\/span><br \/>\n<\/dd><\/dl><br style=\"clear: both\" \/><dl class=\"gallery-item\">\n<dt class=\"gallery-icon\">\r\n<a href=\"https:\/\/www.feuerwehr-ibbenbueren.de\/wp-content\/uploads\/2015\/04\/003.jpg\" title=\"Unterwegs zu einem Oldtimertreffen\" rel=\"gallery1\"><img loading=\"lazy\" decoding=\"async\" src=\"https:\/\/www.feuerwehr-ibbenbueren.de\/wp-content\/uploads\/2015\/04\/003-150x150.jpg\" width=\"150\" height=\"150\" alt=\"Unterwegs zu einem Oldtimertreffen\" \/><\/a>\r\n<\/dt><dd class=\"gallery-caption\" id=\"caption1190\"><span class=\"imagecaption\">Unterwegs zu einem Oldtimertreffen<\/span><br \/>\n<\/dd><\/dl><dl class=\"gallery-item\">\n<dt class=\"gallery-icon\">\r\n<a href=\"https:\/\/www.feuerwehr-ibbenbueren.de\/wp-content\/uploads\/2015\/04\/002.jpg\" title=\"Gruppenbild mit den Tecklenburgern in Dellbr\u00fcck\" rel=\"gallery1\"><img loading=\"lazy\" decoding=\"async\" src=\"https:\/\/www.feuerwehr-ibbenbueren.de\/wp-content\/uploads\/2015\/04\/002-150x150.jpg\" width=\"150\" height=\"150\" alt=\"Gruppenbild mit den Tecklenburgern in Dellbr\u00fcck\" \/><\/a>\r\n<\/dt><dd class=\"gallery-caption\" id=\"caption1188\"><span class=\"imagecaption\">Gruppenbild mit den Tecklenburgern in Dellbr\u00fcck<\/span><br \/>\n<\/dd><\/dl><dl class=\"gallery-item\">\n<dt class=\"gallery-icon\">\r\n<a href=\"https:\/\/www.feuerwehr-ibbenbueren.de\/wp-content\/uploads\/2015\/04\/005.jpg\" title=\"\u00dcbergabe des Fahrzeugbildes, handgemalt vom K\u00fcnstler Manfred Maelger (Kehl) pers\u00f6nlich\" rel=\"gallery1\"><img loading=\"lazy\" decoding=\"async\" src=\"https:\/\/www.feuerwehr-ibbenbueren.de\/wp-content\/uploads\/2015\/04\/005-150x150.jpg\" width=\"150\" height=\"150\" alt=\"\u00dcbergabe des Fahrzeugbildes, handgemalt vom K\u00fcnstler Manfred Maelger (Kehl) pers\u00f6nlich\" \/><\/a>\r\n<\/dt><dd class=\"gallery-caption\" id=\"caption1192\"><span class=\"imagecaption\">\u00dcbergabe des Fahrzeugbildes, handgemalt vom K\u00fcnstler Manfred Maelger (Kehl) pers\u00f6nlich<\/span><br \/>\n<\/dd><\/dl>\r\n\t\t\t<br style='clear: both' \/>\r\n\t\t<\/div>\n\n","protected":false},"excerpt":{"rendered":"<p>Pflege und Erhaltung von \u00e4lteren Feuerwehrfahrzeugen, die zuvor in Ibbenb\u00fcren im Dienst gestanden haben.<\/p>\n","protected":false},"author":3,"featured_media":1240,"parent":5,"menu_order":9,"comment_status":"open","ping_status":"closed","template":"","meta":{"footnotes":""},"class_list":["post-970","page","type-page","status-publish","has-post-thumbnail","hentry"],"_links":{"self":[{"href":"https:\/\/www.feuerwehr-ibbenbueren.de\/index.php?rest_route=\/wp\/v2\/pages\/970","targetHints":{"allow":["GET"]}}],"collection":[{"href":"https:\/\/www.feuerwehr-ibbenbueren.de\/index.php?rest_route=\/wp\/v2\/pages"}],"about":[{"href":"https:\/\/www.feuerwehr-ibbenbueren.de\/index.php?rest_route=\/wp\/v2\/types\/page"}],"author":[{"embeddable":true,"href":"https:\/\/www.feuerwehr-ibbenbueren.de\/index.php?rest_route=\/wp\/v2\/users\/3"}],"replies":[{"embeddable":true,"href":"https:\/\/www.feuerwehr-ibbenbueren.de\/index.php?rest_route=%2Fwp%2Fv2%2Fcomments&post=970"}],"version-history":[{"count":10,"href":"https:\/\/www.feuerwehr-ibbenbueren.de\/index.php?rest_route=\/wp\/v2\/pages\/970\/revisions"}],"predecessor-version":[{"id":37683,"href":"https:\/\/www.feuerwehr-ibbenbueren.de\/index.php?rest_route=\/wp\/v2\/pages\/970\/revisions\/37683"}],"up":[{"embeddable":true,"href":"https:\/\/www.feuerwehr-ibbenbueren.de\/index.php?rest_route=\/wp\/v2\/pages\/5"}],"wp:featuredmedia":[{"embeddable":true,"href":"https:\/\/www.feuerwehr-ibbenbueren.de\/index.php?rest_route=\/wp\/v2\/media\/1240"}],"wp:attachment":[{"href":"https:\/\/www.feuerwehr-ibbenbueren.de\/index.php?rest_route=%2Fwp%2Fv2%2Fmedia&parent=970"}],"curies":[{"name":"wp","href":"https:\/\/api.w.org\/{rel}","templated":true}]}}